{"id":13137,"date":"2025-03-27T00:52:49","date_gmt":"2025-03-26T23:52:49","guid":{"rendered":"https:\/\/www.topicfoot.fr\/?page_id=13137"},"modified":"2025-05-04T23:14:13","modified_gmt":"2025-05-04T21:14:13","slug":"interviews-topicfoot","status":"publish","type":"page","link":"https:\/\/www.topicfoot.fr\/index.php\/interviews-topicfoot\/","title":{"rendered":"Interviews Topicfoot"},"content":{"rendered":"\n<h2 class=\"wp-block-heading\"><strong>Les grandes interviews de Topicfoot<\/strong><\/h2>\n\n\n\n<div class=\"wp-block-media-text is-stacked-on-mobile\"><figure class=\"wp-block-media-text__media\"><img loading=\"lazy\" decoding=\"async\" width=\"1024\" height=\"576\" src=\"https:\/\/www.topicfoot.fr\/wp-content\/uploads\/2025\/03\/interview-topicfoot.webp\" alt=\"\" class=\"wp-image-13139 size-full\" srcset=\"https:\/\/www.topicfoot.fr\/wp-content\/uploads\/2025\/03\/interview-topicfoot.webp 1024w, https:\/\/www.topicfoot.fr\/wp-content\/uploads\/2025\/03\/interview-topicfoot-300x169.webp 300w, https:\/\/www.topicfoot.fr\/wp-content\/uploads\/2025\/03\/interview-topicfoot-768x432.webp 768w, https:\/\/www.topicfoot.fr\/wp-content\/uploads\/2025\/03\/interview-topicfoot-678x381.webp 678w\" sizes=\"auto, (max-width: 1024px) 100vw, 1024px\" \/><\/figure><div class=\"wp-block-media-text__content\">\n<p>Retrouvez sur cette page toutes les interviews exclusives r\u00e9alis\u00e9es par la r\u00e9daction de&nbsp;<em>Topicfoot<\/em>. Joueurs, entra\u00eeneurs, staff m\u00e9dical, dirigeants ou experts du football partagent leur vision, leurs analyses et leurs anecdotes in\u00e9dites. Plongez au c\u0153ur du jeu \u00e0 travers des entretiens approfondis qui vous offrent un regard unique sur l\u2019univers du ballon rond.<\/p>\n<\/div><\/div>\n\n\n\n<div style=\"height:40px\" aria-hidden=\"true\" class=\"wp-block-spacer\"><\/div>\n\n\n\n<hr class=\"wp-block-separator has-alpha-channel-opacity\"\/>\n\n\n\n<h2 class=\"wp-block-heading\">Franck Massardier, PDG de Madewis, distributeur pour Adidas et Kipsta aupr\u00e8s des clubs de football<\/h2>\n\n\n\n<figure class=\"wp-block-image size-large\"><img loading=\"lazy\" decoding=\"async\" width=\"1024\" height=\"632\" src=\"https:\/\/www.topicfoot.fr\/wp-content\/uploads\/2025\/05\/Interview-franck-massardier-madewis-tf-1024x632.webp\" alt=\"Franck Massardier, PDG de Madewis, distributeur pour Adidas et Kipsta aupr\u00e8s des clubs de football\" class=\"wp-image-13893\" srcset=\"https:\/\/www.topicfoot.fr\/wp-content\/uploads\/2025\/05\/Interview-franck-massardier-madewis-tf-1024x632.webp 1024w, https:\/\/www.topicfoot.fr\/wp-content\/uploads\/2025\/05\/Interview-franck-massardier-madewis-tf-300x185.webp 300w, https:\/\/www.topicfoot.fr\/wp-content\/uploads\/2025\/05\/Interview-franck-massardier-madewis-tf-768x474.webp 768w, https:\/\/www.topicfoot.fr\/wp-content\/uploads\/2025\/05\/Interview-franck-massardier-madewis-tf-1536x948.webp 1536w, https:\/\/www.topicfoot.fr\/wp-content\/uploads\/2025\/05\/Interview-franck-massardier-madewis-tf-2048x1263.webp 2048w\" sizes=\"auto, (max-width: 1024px) 100vw, 1024px\" \/><\/figure>\n\n\n\n<p>Franck Massardier est le PDG de Madewis, distributeur officiel pour Adidas et Kipsta aupr\u00e8s des clubs de football. Acteur engag\u00e9 du monde amateur, il revient sur les probl\u00e9matiques qui frappent aujourd\u2019hui le football de base. Il \u00e9voque \u00e9galement son entreprise, son travail quotidien aux c\u00f4t\u00e9s des clubs, ainsi que la Madewis Cup et la Madewis League, deux tournois qu\u2019il a cr\u00e9\u00e9s pour les jeunes.<\/p>\n\n\n\n<h4 class=\"wp-block-heading\">Les articles li\u00e9s \u00e0 cette interview :<\/h4>\n\n\n\n<p><a href=\"https:\/\/www.topicfoot.fr\/index.php\/2025\/05\/04\/football-amateur-on-ne-peut-pas-developper-des-clubs-de-1000-licencies-avec-deux-terrains\/\">Football amateur : \u00ab\u00a0On ne peut pas d\u00e9velopper des clubs de 1000 licenci\u00e9s avec deux terrains\u00a0\u00bb<\/a><\/p>\n\n\n\n<div style=\"height:40px\" aria-hidden=\"true\" class=\"wp-block-spacer\"><\/div>\n\n\n\n<hr class=\"wp-block-separator has-alpha-channel-opacity\"\/>\n\n\n\n<h2 class=\"wp-block-heading\">Jean-Fran\u00e7ois, data collector : immersion dans un m\u00e9tier de l\u2019ombre<\/h2>\n\n\n\n<figure class=\"wp-block-image size-full\"><img loading=\"lazy\" decoding=\"async\" width=\"1024\" height=\"576\" src=\"https:\/\/www.topicfoot.fr\/wp-content\/uploads\/2025\/04\/jean-francois-data-collector.webp\" alt=\"Interviews Topicfoot : Jean-Fran\u00e7ois, data collector : immersion dans un m\u00e9tier de l\u2019ombre\" class=\"wp-image-13802\" srcset=\"https:\/\/www.topicfoot.fr\/wp-content\/uploads\/2025\/04\/jean-francois-data-collector.webp 1024w, https:\/\/www.topicfoot.fr\/wp-content\/uploads\/2025\/04\/jean-francois-data-collector-300x169.webp 300w, https:\/\/www.topicfoot.fr\/wp-content\/uploads\/2025\/04\/jean-francois-data-collector-768x432.webp 768w, https:\/\/www.topicfoot.fr\/wp-content\/uploads\/2025\/04\/jean-francois-data-collector-678x381.webp 678w\" sizes=\"auto, (max-width: 1024px) 100vw, 1024px\" \/><\/figure>\n\n\n\n<p>Jean-Fran\u00e7ois, passionn\u00e9 de sport et enseignant de profession, nous plonge dans son quotidien de collecteur de donn\u00e9es pour le compte de clubs professionnels. De sa d\u00e9couverte du m\u00e9tier \u00e0 son organisation minutieuse les jours de match, il nous raconte avec pr\u00e9cision un r\u00f4le cl\u00e9 pour les analyses statistiques et les retransmissions en direct.<\/p>\n\n\n\n<h4 class=\"wp-block-heading\">Les articles li\u00e9s \u00e0 cette interview :<\/h4>\n\n\n\n<ul class=\"wp-block-list\">\n<li><a href=\"https:\/\/www.topicfoot.fr\/index.php\/2025\/04\/28\/data-collector-immersion\/\">Jean-Fran\u00e7ois, data collector : immersion dans un m\u00e9tier de l\u2019ombre<\/a><\/li>\n<\/ul>\n\n\n\n<div style=\"height:40px\" aria-hidden=\"true\" class=\"wp-block-spacer\"><\/div>\n\n\n\n<hr class=\"wp-block-separator has-alpha-channel-opacity\"\/>\n\n\n\n<h2 class=\"wp-block-heading\">Interview de Marc Levy Gardien de l&rsquo;OM durant la p\u00e9riode des Minots et entraineur dans toute la plan\u00e8te.<\/h2>\n\n\n\n<figure class=\"wp-block-image size-full\"><img loading=\"lazy\" decoding=\"async\" width=\"1024\" height=\"576\" src=\"https:\/\/www.topicfoot.fr\/wp-content\/uploads\/2025\/04\/marc-levy-interview-tf.webp\" alt=\"Interview de Marc Levy Gardien de l'OM durant la p\u00e9riode des Minots et entraineur dans toute la plan\u00e8te.\" class=\"wp-image-13282\" srcset=\"https:\/\/www.topicfoot.fr\/wp-content\/uploads\/2025\/04\/marc-levy-interview-tf.webp 1024w, https:\/\/www.topicfoot.fr\/wp-content\/uploads\/2025\/04\/marc-levy-interview-tf-300x169.webp 300w, https:\/\/www.topicfoot.fr\/wp-content\/uploads\/2025\/04\/marc-levy-interview-tf-768x432.webp 768w, https:\/\/www.topicfoot.fr\/wp-content\/uploads\/2025\/04\/marc-levy-interview-tf-678x381.webp 678w\" sizes=\"auto, (max-width: 1024px) 100vw, 1024px\" \/><\/figure>\n\n\n\n<p>Marc Levy est un ancien gardien de l\u2019Olympique de Marseille. En 1981, le club fait faillite et est sur le point de dispara\u00eetre. Pour esp\u00e9rer rester professionnel, l\u2019OM doit se maintenir en D2. Pour cela, le club demande \u00e0 ses jeunes espoirs de finir la saison afin de sauver l\u2019\u00e9quipe. C\u2019est la p\u00e9riode des&nbsp;<em>Minots<\/em>.<\/p>\n\n\n\n<h4 class=\"wp-block-heading\">Les articles li\u00e9s \u00e0 cette interview :<\/h4>\n\n\n\n<ul class=\"wp-block-list\">\n<li><a href=\"https:\/\/www.topicfoot.fr\/index.php\/2025\/04\/07\/interview-marc-levy-periode-des-minots\/\">Les Minots, interview de Marc Levy : Si on refusait, il n\u2019y avait plus d\u2019OM<\/a><\/li>\n\n\n\n<li><a href=\"https:\/\/www.topicfoot.fr\/index.php\/2025\/04\/23\/marc-levy-entraineur-itineraire-dun-coach-globe-trotteur\/\">Marc Levy entraineur, itin\u00e9raire d\u2019un coach globe-trotteur<\/a><\/li>\n<\/ul>\n\n\n\n<div style=\"height:30px\" aria-hidden=\"true\" class=\"wp-block-spacer\"><\/div>\n\n\n\n<hr class=\"wp-block-separator has-alpha-channel-opacity\"\/>\n\n\n\n<h2 class=\"wp-block-heading\">Pierre Vespignani, kin\u00e9sith\u00e9rapeute du sportif<\/h2>\n\n\n\n<div style=\"height:30px\" aria-hidden=\"true\" class=\"wp-block-spacer\"><\/div>\n\n\n\n<figure class=\"wp-block-embed is-type-video is-provider-youtube wp-block-embed-youtube wp-embed-aspect-16-9 wp-has-aspect-ratio\"><div class=\"wp-block-embed__wrapper\">\n<iframe loading=\"lazy\" title=\"Interview de Pierre Vespignani\" width=\"500\" height=\"281\" src=\"https:\/\/www.youtube.com\/embed\/e06HKysRrN8?feature=oembed\" frameborder=\"0\" allow=\"accelerometer; autoplay; clipboard-write; encrypted-media; gyroscope; picture-in-picture; web-share\" referrerpolicy=\"strict-origin-when-cross-origin\" allowfullscreen><\/iframe>\n<\/div><\/figure>\n\n\n\n<div style=\"height:30px\" aria-hidden=\"true\" class=\"wp-block-spacer\"><\/div>\n\n\n\n<h3 class=\"wp-block-heading\">Interview de Pierre Vespignani<\/h3>\n\n\n\n<p>Pierre est kin\u00e9sith\u00e9rapeute du sportif. Il a travaill\u00e9 avec de nombreux clubs et s\u00e9lections de haut niveau. Pierre nous parle dans cette interview de son exp\u00e9rience avec l&rsquo; AS Nancy Lorraine et le Stade Lorrain Universit\u00e9 Club en basket, son extraordinaire exp\u00e9rience avec la s\u00e9lection s\u00e9n\u00e9galaise durant la coupe du monde 2018. Il nous explique aussi comment la p\u00e9riode du COVID a \u00e9t\u00e9 g\u00e9r\u00e9 dans les clubs de football. Enfin il reviendra sur son travail avec Olympique de Marseille. Une exp\u00e9rience hors norme dans le milieu du sport professionnel. Pierre est aussi le co-fondateur de EZTM, un logiciel qui s\u2019impose comme un outil incontournable pour optimiser la gestion des donn\u00e9es de sant\u00e9. Destin\u00e9 \u00e0 tous les acteurs du sport, ce logiciel intuitif facilite la communication et am\u00e9liore la prise de d\u00e9cision.<\/p>\n\n\n\n<h4 class=\"wp-block-heading\">Les articles li\u00e9s \u00e0 cette interview : <\/h4>\n\n\n\n<ul class=\"wp-block-list\">\n<li><a href=\"https:\/\/www.topicfoot.fr\/index.php\/2025\/03\/25\/pierre-vespignani-kinesitherapeute-a-lolympique-de-marseille\/\">Pierre Vespignani, kin\u00e9sith\u00e9rapeute \u00e0 l\u2019Olympique de Marseille<\/a><\/li>\n\n\n\n<li><a href=\"https:\/\/www.topicfoot.fr\/index.php\/2025\/03\/21\/pablo-correa-de-buteur-redoutable-a-stratege-du-banc-de-touche\/\">Pablo Correa : De buteur redoutable \u00e0 strat\u00e8ge du banc de touche<\/a><\/li>\n\n\n\n<li><a href=\"https:\/\/www.topicfoot.fr\/index.php\/2025\/02\/09\/eztm-le-logiciel-sante-qui-transforme-la-gestion-des-sportifs\/\">EZTM : le logiciel sant\u00e9 qui transforme la gestion des sportifs<\/a><\/li>\n<\/ul>\n\n\n\n<div style=\"height:30px\" aria-hidden=\"true\" class=\"wp-block-spacer\"><\/div>\n\n\n\n<hr class=\"wp-block-separator has-alpha-channel-opacity\"\/>\n\n\n\n<h2 class=\"wp-block-heading\">Yann Bourrel : ost\u00e9opathe, kin\u00e9sith\u00e9rapeute du sportif, pr\u00e9parateur physique et sp\u00e9cialiste de nombreuses techniques<\/h2>\n\n\n\n<div style=\"height:30px\" aria-hidden=\"true\" class=\"wp-block-spacer\"><\/div>\n\n\n\n<figure class=\"wp-block-embed is-type-video is-provider-youtube wp-block-embed-youtube wp-embed-aspect-4-3 wp-has-aspect-ratio\"><div class=\"wp-block-embed__wrapper\">\n<iframe loading=\"lazy\" title=\"Interview int\u00e9grale de Yann Bourrel\" width=\"500\" height=\"281\" src=\"https:\/\/www.youtube.com\/embed\/EIr71Jp2yKY?feature=oembed\" frameborder=\"0\" allow=\"accelerometer; autoplay; clipboard-write; encrypted-media; gyroscope; picture-in-picture; web-share\" referrerpolicy=\"strict-origin-when-cross-origin\" allowfullscreen><\/iframe>\n<\/div><\/figure>\n\n\n\n<div style=\"height:30px\" aria-hidden=\"true\" class=\"wp-block-spacer\"><\/div>\n\n\n\n<h3 class=\"wp-block-heading\">Interview de Yann Bourrel<\/h3>\n\n\n\n<p>Expert en soin et pr\u00e9paration physique Yann est ost\u00e9opathe, kin\u00e9sith\u00e9rapeute du sportif, pr\u00e9parateur physique et sp\u00e9cialiste de nombreuses techniques qu&rsquo;il pratique et enseigne. Il accompagne de nombreux sportifs professionnels au quotidien. Dans cette interview, il revient sur son parcours, depuis le centre de formation de l&rsquo;OL jusqu\u2019au Milan AC, en \u00e9voquant ses blessures et son orientation vers la kin\u00e9sith\u00e9rapie. Il partage son exp\u00e9rience aupr\u00e8s des sportifs qu\u2019il suit, aborde le sport amateur, la r\u00e9athl\u00e9tisation, la pr\u00e9paration physique, ainsi que l\u2019\u00e9volution du m\u00e9tier d\u2019ost\u00e9opathe. Il \u00e9voque \u00e9galement son passage \u00e0 Clairefontaine aux c\u00f4t\u00e9s de Christophe Geoffroy et l\u2019utilisation de la PNL dans son approche. Une entrevue passionnante avec un sp\u00e9cialiste du soin et de la performance sportive !<\/p>\n\n\n\n<h4 class=\"wp-block-heading\">Les articles li\u00e9s \u00e0 cette interview : <\/h4>\n\n\n\n<ul class=\"wp-block-list\">\n<li><a href=\"https:\/\/www.topicfoot.fr\/index.php\/2025\/03\/27\/la-programmation-neurolinguistique-dans-le-soin-des-footballeurs\/\">La programmation neurolinguistique dans le soin des footballeurs<\/a><\/li>\n\n\n\n<li><a href=\"https:\/\/www.topicfoot.fr\/index.php\/2025\/02\/09\/eztm-le-logiciel-sante-qui-transforme-la-gestion-des-sportifs\/\">EZTM : le logiciel sant\u00e9 qui transforme la gestion des sportifs<\/a><\/li>\n<\/ul>\n\n\n\n<div style=\"height:30px\" aria-hidden=\"true\" class=\"wp-block-spacer\"><\/div>\n","protected":false},"excerpt":{"rendered":"<div class=\"mh-excerpt\">Retrouvez sur cette page toutes les interviews exclusives r\u00e9alis\u00e9es par la r\u00e9daction de\u00a0Topicfoot. Joueurs, entra\u00eeneurs, staff m\u00e9dical,..<\/div>\n<p> <a class=\"mh-excerpt-more\" href=\"https:\/\/www.topicfoot.fr\/index.php\/interviews-topicfoot\/\" title=\"Interviews Topicfoot\">[&#8230;]<\/a><\/p>\n","protected":false},"author":1,"featured_media":13139,"parent":0,"menu_order":0,"comment_status":"closed","ping_status":"closed","template":"template-full.php","meta":{"footnotes":""},"folder":[4],"class_list":["post-13137","page","type-page","status-publish","has-post-thumbnail"],"yoast_head":"<!-- This site is optimized with the Yoast SEO plugin v27.4 - https:\/\/yoast.com\/product\/yoast-seo-wordpress\/ -->\n<title>Interviews Topicfoot<\/title>\n<meta name=\"description\" content=\"Retrouvez sur cette page toutes les interviews exclusives r\u00e9alis\u00e9es par la r\u00e9daction de\u00a0Topicfoot. Joueurs, entra\u00eeneurs, staff m\u00e9dical,..\" \/>\n<meta name=\"robots\" content=\"index, follow, max-snippet:-1, max-image-preview:large, max-video-preview:-1\" \/>\n<link rel=\"canonical\" href=\"https:\/\/www.topicfoot.fr\/index.php\/interviews-topicfoot\/\" \/>\n<meta property=\"og:locale\" content=\"fr_FR\" \/>\n<meta property=\"og:type\" content=\"article\" \/>\n<meta property=\"og:title\" content=\"Interviews Topicfoot\" \/>\n<meta property=\"og:description\" content=\"Retrouvez sur cette page toutes les interviews exclusives r\u00e9alis\u00e9es par la r\u00e9daction de\u00a0Topicfoot. Joueurs, entra\u00eeneurs, staff m\u00e9dical,..\" \/>\n<meta property=\"og:url\" content=\"https:\/\/www.topicfoot.fr\/index.php\/interviews-topicfoot\/\" \/>\n<meta property=\"og:site_name\" content=\"Topic Foot\" \/>\n<meta property=\"article:publisher\" content=\"https:\/\/www.facebook.com\/topicfoot.fr\" \/>\n<meta property=\"article:modified_time\" content=\"2025-05-04T21:14:13+00:00\" \/>\n<meta property=\"og:image\" content=\"https:\/\/www.topicfoot.fr\/wp-content\/uploads\/2025\/03\/interview-topicfoot.webp\" \/>\n\t<meta property=\"og:image:width\" content=\"1024\" \/>\n\t<meta property=\"og:image:height\" content=\"576\" \/>\n\t<meta property=\"og:image:type\" content=\"image\/jpeg\" \/>\n<meta name=\"twitter:card\" content=\"summary_large_image\" \/>\n<meta name=\"twitter:label1\" content=\"Dur\u00e9e de lecture estim\u00e9e\" \/>\n\t<meta name=\"twitter:data1\" content=\"5 minutes\" \/>\n<script type=\"application\/ld+json\" class=\"yoast-schema-graph\">{\"@context\":\"https:\\\/\\\/schema.org\",\"@graph\":[{\"@type\":\"WebPage\",\"@id\":\"https:\\\/\\\/www.topicfoot.fr\\\/index.php\\\/interviews-topicfoot\\\/\",\"url\":\"https:\\\/\\\/www.topicfoot.fr\\\/index.php\\\/interviews-topicfoot\\\/\",\"name\":\"Interviews Topicfoot\",\"isPartOf\":{\"@id\":\"https:\\\/\\\/www.topicfoot.fr\\\/#website\"},\"primaryImageOfPage\":{\"@id\":\"https:\\\/\\\/www.topicfoot.fr\\\/index.php\\\/interviews-topicfoot\\\/#primaryimage\"},\"image\":{\"@id\":\"https:\\\/\\\/www.topicfoot.fr\\\/index.php\\\/interviews-topicfoot\\\/#primaryimage\"},\"thumbnailUrl\":\"https:\\\/\\\/www.topicfoot.fr\\\/wp-content\\\/uploads\\\/2025\\\/03\\\/interview-topicfoot.webp\",\"datePublished\":\"2025-03-26T23:52:49+00:00\",\"dateModified\":\"2025-05-04T21:14:13+00:00\",\"description\":\"Retrouvez sur cette page toutes les interviews exclusives r\u00e9alis\u00e9es par la r\u00e9daction de\u00a0Topicfoot. Joueurs, entra\u00eeneurs, staff m\u00e9dical,..\",\"breadcrumb\":{\"@id\":\"https:\\\/\\\/www.topicfoot.fr\\\/index.php\\\/interviews-topicfoot\\\/#breadcrumb\"},\"inLanguage\":\"fr-FR\",\"potentialAction\":[{\"@type\":\"ReadAction\",\"target\":[\"https:\\\/\\\/www.topicfoot.fr\\\/index.php\\\/interviews-topicfoot\\\/\"]}]},{\"@type\":\"ImageObject\",\"inLanguage\":\"fr-FR\",\"@id\":\"https:\\\/\\\/www.topicfoot.fr\\\/index.php\\\/interviews-topicfoot\\\/#primaryimage\",\"url\":\"https:\\\/\\\/www.topicfoot.fr\\\/wp-content\\\/uploads\\\/2025\\\/03\\\/interview-topicfoot.webp\",\"contentUrl\":\"https:\\\/\\\/www.topicfoot.fr\\\/wp-content\\\/uploads\\\/2025\\\/03\\\/interview-topicfoot.webp\",\"width\":1024,\"height\":576},{\"@type\":\"BreadcrumbList\",\"@id\":\"https:\\\/\\\/www.topicfoot.fr\\\/index.php\\\/interviews-topicfoot\\\/#breadcrumb\",\"itemListElement\":[{\"@type\":\"ListItem\",\"position\":1,\"name\":\"Accueil\",\"item\":\"https:\\\/\\\/www.topicfoot.fr\\\/\"},{\"@type\":\"ListItem\",\"position\":2,\"name\":\"Interviews Topicfoot\"}]},{\"@type\":\"WebSite\",\"@id\":\"https:\\\/\\\/www.topicfoot.fr\\\/#website\",\"url\":\"https:\\\/\\\/www.topicfoot.fr\\\/\",\"name\":\"Topic Foot\",\"description\":\"Tous l&#039;univers du Foot !\",\"publisher\":{\"@id\":\"https:\\\/\\\/www.topicfoot.fr\\\/#organization\"},\"potentialAction\":[{\"@type\":\"SearchAction\",\"target\":{\"@type\":\"EntryPoint\",\"urlTemplate\":\"https:\\\/\\\/www.topicfoot.fr\\\/?s={search_term_string}\"},\"query-input\":{\"@type\":\"PropertyValueSpecification\",\"valueRequired\":true,\"valueName\":\"search_term_string\"}}],\"inLanguage\":\"fr-FR\"},{\"@type\":\"Organization\",\"@id\":\"https:\\\/\\\/www.topicfoot.fr\\\/#organization\",\"name\":\"Topic Foot\",\"url\":\"https:\\\/\\\/www.topicfoot.fr\\\/\",\"logo\":{\"@type\":\"ImageObject\",\"inLanguage\":\"fr-FR\",\"@id\":\"https:\\\/\\\/www.topicfoot.fr\\\/#\\\/schema\\\/logo\\\/image\\\/\",\"url\":\"https:\\\/\\\/www.topicfoot.fr\\\/wp-content\\\/uploads\\\/2024\\\/04\\\/cropped-logo-topicfoot-new.jpg\",\"contentUrl\":\"https:\\\/\\\/www.topicfoot.fr\\\/wp-content\\\/uploads\\\/2024\\\/04\\\/cropped-logo-topicfoot-new.jpg\",\"width\":512,\"height\":512,\"caption\":\"Topic Foot\"},\"image\":{\"@id\":\"https:\\\/\\\/www.topicfoot.fr\\\/#\\\/schema\\\/logo\\\/image\\\/\"},\"sameAs\":[\"https:\\\/\\\/www.facebook.com\\\/topicfoot.fr\"]}]}<\/script>\n<!-- \/ Yoast SEO plugin. -->","yoast_head_json":{"title":"Interviews Topicfoot","description":"Retrouvez sur cette page toutes les interviews exclusives r\u00e9alis\u00e9es par la r\u00e9daction de\u00a0Topicfoot. Joueurs, entra\u00eeneurs, staff m\u00e9dical,..","robots":{"index":"index","follow":"follow","max-snippet":"max-snippet:-1","max-image-preview":"max-image-preview:large","max-video-preview":"max-video-preview:-1"},"canonical":"https:\/\/www.topicfoot.fr\/index.php\/interviews-topicfoot\/","og_locale":"fr_FR","og_type":"article","og_title":"Interviews Topicfoot","og_description":"Retrouvez sur cette page toutes les interviews exclusives r\u00e9alis\u00e9es par la r\u00e9daction de\u00a0Topicfoot. Joueurs, entra\u00eeneurs, staff m\u00e9dical,..","og_url":"https:\/\/www.topicfoot.fr\/index.php\/interviews-topicfoot\/","og_site_name":"Topic Foot","article_publisher":"https:\/\/www.facebook.com\/topicfoot.fr","article_modified_time":"2025-05-04T21:14:13+00:00","og_image":[{"width":1024,"height":576,"url":"https:\/\/www.topicfoot.fr\/wp-content\/uploads\/2025\/03\/interview-topicfoot.webp","type":"image\/jpeg"}],"twitter_card":"summary_large_image","twitter_misc":{"Dur\u00e9e de lecture estim\u00e9e":"5 minutes"},"schema":{"@context":"https:\/\/schema.org","@graph":[{"@type":"WebPage","@id":"https:\/\/www.topicfoot.fr\/index.php\/interviews-topicfoot\/","url":"https:\/\/www.topicfoot.fr\/index.php\/interviews-topicfoot\/","name":"Interviews Topicfoot","isPartOf":{"@id":"https:\/\/www.topicfoot.fr\/#website"},"primaryImageOfPage":{"@id":"https:\/\/www.topicfoot.fr\/index.php\/interviews-topicfoot\/#primaryimage"},"image":{"@id":"https:\/\/www.topicfoot.fr\/index.php\/interviews-topicfoot\/#primaryimage"},"thumbnailUrl":"https:\/\/www.topicfoot.fr\/wp-content\/uploads\/2025\/03\/interview-topicfoot.webp","datePublished":"2025-03-26T23:52:49+00:00","dateModified":"2025-05-04T21:14:13+00:00","description":"Retrouvez sur cette page toutes les interviews exclusives r\u00e9alis\u00e9es par la r\u00e9daction de\u00a0Topicfoot. Joueurs, entra\u00eeneurs, staff m\u00e9dical,..","breadcrumb":{"@id":"https:\/\/www.topicfoot.fr\/index.php\/interviews-topicfoot\/#breadcrumb"},"inLanguage":"fr-FR","potentialAction":[{"@type":"ReadAction","target":["https:\/\/www.topicfoot.fr\/index.php\/interviews-topicfoot\/"]}]},{"@type":"ImageObject","inLanguage":"fr-FR","@id":"https:\/\/www.topicfoot.fr\/index.php\/interviews-topicfoot\/#primaryimage","url":"https:\/\/www.topicfoot.fr\/wp-content\/uploads\/2025\/03\/interview-topicfoot.webp","contentUrl":"https:\/\/www.topicfoot.fr\/wp-content\/uploads\/2025\/03\/interview-topicfoot.webp","width":1024,"height":576},{"@type":"BreadcrumbList","@id":"https:\/\/www.topicfoot.fr\/index.php\/interviews-topicfoot\/#breadcrumb","itemListElement":[{"@type":"ListItem","position":1,"name":"Accueil","item":"https:\/\/www.topicfoot.fr\/"},{"@type":"ListItem","position":2,"name":"Interviews Topicfoot"}]},{"@type":"WebSite","@id":"https:\/\/www.topicfoot.fr\/#website","url":"https:\/\/www.topicfoot.fr\/","name":"Topic Foot","description":"Tous l&#039;univers du Foot !","publisher":{"@id":"https:\/\/www.topicfoot.fr\/#organization"},"potentialAction":[{"@type":"SearchAction","target":{"@type":"EntryPoint","urlTemplate":"https:\/\/www.topicfoot.fr\/?s={search_term_string}"},"query-input":{"@type":"PropertyValueSpecification","valueRequired":true,"valueName":"search_term_string"}}],"inLanguage":"fr-FR"},{"@type":"Organization","@id":"https:\/\/www.topicfoot.fr\/#organization","name":"Topic Foot","url":"https:\/\/www.topicfoot.fr\/","logo":{"@type":"ImageObject","inLanguage":"fr-FR","@id":"https:\/\/www.topicfoot.fr\/#\/schema\/logo\/image\/","url":"https:\/\/www.topicfoot.fr\/wp-content\/uploads\/2024\/04\/cropped-logo-topicfoot-new.jpg","contentUrl":"https:\/\/www.topicfoot.fr\/wp-content\/uploads\/2024\/04\/cropped-logo-topicfoot-new.jpg","width":512,"height":512,"caption":"Topic Foot"},"image":{"@id":"https:\/\/www.topicfoot.fr\/#\/schema\/logo\/image\/"},"sameAs":["https:\/\/www.facebook.com\/topicfoot.fr"]}]}},"_links":{"self":[{"href":"https:\/\/www.topicfoot.fr\/index.php\/wp-json\/wp\/v2\/pages\/13137","targetHints":{"allow":["GET"]}}],"collection":[{"href":"https:\/\/www.topicfoot.fr\/index.php\/wp-json\/wp\/v2\/pages"}],"about":[{"href":"https:\/\/www.topicfoot.fr\/index.php\/wp-json\/wp\/v2\/types\/page"}],"author":[{"embeddable":true,"href":"https:\/\/www.topicfoot.fr\/index.php\/wp-json\/wp\/v2\/users\/1"}],"replies":[{"embeddable":true,"href":"https:\/\/www.topicfoot.fr\/index.php\/wp-json\/wp\/v2\/comments?post=13137"}],"version-history":[{"count":0,"href":"https:\/\/www.topicfoot.fr\/index.php\/wp-json\/wp\/v2\/pages\/13137\/revisions"}],"wp:featuredmedia":[{"embeddable":true,"href":"https:\/\/www.topicfoot.fr\/index.php\/wp-json\/wp\/v2\/media\/13139"}],"wp:attachment":[{"href":"https:\/\/www.topicfoot.fr\/index.php\/wp-json\/wp\/v2\/media?parent=13137"}],"wp:term":[{"taxonomy":"folder","embeddable":true,"href":"https:\/\/www.topicfoot.fr\/index.php\/wp-json\/wp\/v2\/folder?post=13137"}],"curies":[{"name":"wp","href":"https:\/\/api.w.org\/{rel}","templated":true}]}}